at is the value of -19 - -5 - (14 + -11 - 2)?
-15
What is the value of 3 + -15 - (-6 + -24)?
18
(-7 - -2) + (11 - (-11 - -16))
1
Evaluate -1 + -4 + 3 - 1 - 9.
-12
What is -1 + 3 - ((-3 - -17) + -2 + -8)?
-2
11 + 4 + -9 - (-22 - -18 - 14)
24
2 + 3 + -3 - (-3 + 1)
4
Calculate 11 + 7 - (5 - (-5 - -5)).
13
What is (-1 - ((-12 - -4) + 3)) + -20?
-16
Calculate 13 - 20 - (-5 - ((1 - 1) + -1)).
-3
Calculate 8 - (17 + -11 - 9).
11
Evaluate 3 - (16 + -14 + 9 + -1).
-7
What is (-6 - 6) + (-14 - (22 + -24))?
-24
Evaluate (34 + -10 - 14) + (0 - 5).
5
What is 1 - 26 - (-243 + 218)?
0
What is 150 + -124 + (-3 + 5 - (3 - -1))?
24
What is the value of 8 + (-2 - -5) + -4 + -39 + 7?
-25
Evaluate (-1 - -18 - (-19 + 17)) + -2 + -2.
15
What is the value of -6 + (-2 - 1) - (-980 + 966)?
5
Evaluate -1 + (9 - 3) + 1 + -12.
-6
Evaluate -2 + 15 + -20 - (10 - 0).
-17
-5 + (3 - (-15 + 30))
-17
What is -29 - (9 - (37 + -14))?
-15
10 + (42 - 23) - 43
-14
Evaluate -13 + 14 + (6 + -18 - -11).
0
What is the value of -1 + 0 + 1 + -12 + -1?
-13
What is 0 + 4 + (-5 - (0 - (12 + -15)))?
-4
What is (144 - 157) + 10 + -1?
-4
Evaluate (14 + -4 - (2 - -3)) + 3 + 7.
15
16 + 19 + -20 + -14 + 0 + 0
1
What is -1 + -31 - (-728 - -716)?
-20
What is the value of 3 - -1 - ((-12 - -28) + -10 + 1)?
-3
What is 0 + (-9 - -2) - -15?
8
(-4 - (10 - 3)) + -4
-15
What is the value of 3 - (6 - -1 - 9)?
5
Evaluate -5 - -1 - (0 + 5 - -3).
-12
Evaluate -39 + 33 - (-7 + -7).
8
Calculate -4 + -4 + 3 + 12.
7
What is (-11 - (-7 + 3) - -1) + (2 - -3)?
-1
(15 - 2 - 4) + -11
-2
Calculate 16 + (-33 - -35) + (-1 - -3).
20
Evaluate 7 + -22 + -7 - -18.
-4
Evaluate 7 + -20 + -1 + 17.
3
0 + 10 - -6 - (1 - -7)
8
What is -1122 + 1130 + (7 - 0)?
15
Evaluate -8 - (7 - (0 - -4) - 38) - 3.
24
-3 - -2 - (0 + 11 + -5 - -1)
-8
1549 - 1541 - (1 + 0 + 1)
6
Calculate 2 + 7 + (33 + -39 - (0 + -2)).
5
What is -4 + (-3 - -3) - (-11 + 19)?
-12
Evaluate (6 - (-14 - -10)) + 3 + 5.
18
What is 35 + -58 + (16 - 2)?
-9
Evaluate -21 - (0 - (-1 - (-16 + 11))).
-17
Evaluate 0 - ((13 - 2) + (8 - 11) + -3).
-5
Calculate 11 + (0 - 19) + 13.
5
Evaluate 4 + (4 + -4 - 1 - -8) + -13.
-2
Evaluate 2 - 2 - -10 - (28 - (-48 + 32)).
-34
Calculate 32 - 55 - (0 + 3 + -6 + -1).
-19
What is (4 + -23 - 20) + 24?
-15
Evaluate 1 - -4 - (23 - ((-17 - -24) + 10)).
-1
What is -10 + 16 + (-12 - -18)?
12
Calculate 8 + 1 - (-34 - -21 - -21).
1
What is -9 + (-2 - 18 - (5 + 9 + -18))?
-25
Evaluate 2 - (2 - -17 - (15 + -9)) - -41.
30
Calculate -2 + 9 + 2 + (2 - 9) + -7.
-5
What is the value of 6 + (28 - 8 - 40)?
-14
What is the value of -8 + 1 - (-24 - (28 + -38))?
7
Calculate 1 - (-23 + 38) - -34.
20
Calculate (-111 - -30 - -44) + 39.
2
What is the value of (-3 - 7) + 4 + (-7 + -9 - -6)?
-16
Evaluate -7 + (11 - (10 - 2)) - -2.
-2
Evaluate -11 + -6 + -6 + 28 + -6.
-1
Evaluate (30 - 11 - -13) + -1 + -8.
23
-7 + 30 + -30 + 5
-2
What is the value of 52 + -4 + (-10 - 15)?
23
Evaluate -2 + 26 + (6 - 16).
14
Evaluate 6 - (-14 + 6 - -12).
2
2 - 7 - (30 - (-4 - -35))
-4
-25 + (-26 - -47) + -2
-6
Calculate (-1 - (-15 - (-2 + -9))) + 6.
9
Evaluate -3 + 6 + (-3 - 1) + -7 + -5.
-13
What is the value of -5 + (24 + -28 - (-5 + 1))?
-5
-38 + 28 + -8 + -7
-25
25 + (1 - (15 - 0)) - 15
-4
Evaluate -2 + (1 + 1 - 12).
-12
Calculate 318 - 299 - (11 - (-2 - 0)).
6
Evaluate 59 + -56 - (-12 + (5 - 5)).
15
Calculate (-8 - -2) + (1 - -4) - (0 - 0).
-1
-5 - -6 - 0 - (7 - (-2 + 13))
5
Evaluate (-3 - (2 + 2 + -1)) + (19 - 17).
-4
Evaluate -10 + (13 - (8 + -10)) + -10 + 7.
2
What is -9 + (-8 - (-4 - -2)) + 5?
-10
What is the value of -1 - -48 - 1 - 25?
21
What is the value of 20 - (15 - 10 - -18)?
-3
What is 0 - ((-5 + 6 - 0) + -1 + -4)?
4
-7 - (6 - 13 - (8 + (-28 - 0)))
-20
What is the value of 22 + 4 + (1 - 3)?
24
Calculate (2 - (2 - 11 - (-3 - 2))) + -4.
2
What is the value of -9 - (19 + (-4 - 4))?
-20
Evaluate 15 + (-27 - -23) + 13.
24
Calculate (26 - (16 - 9)) + 9 + -2.
26
Calculate -26 - -59 - ((-9 - -2) + 6).
34
What is -13 + -15 + -6 + 13?
-21
What is the value of -55 - -27 - (-14 - -5)?
-19
What is the value of -3 + 3 - (1 - (3 - 1))?
1
Evaluate (-14 - (-26 + 28)) + (4 - 8).
-20
What is the value of (-18 - (-21 + -1)) + (7 - 16)?
-5
Calculate (0 - -24) + (10 + -18 - (-12 - -13)).
15
-9 + -1 + 2 - (4 + 1)
-13
Calculate 11 - (-4 + -16 + 17).
14
What is the value of -14 - (17 + -23 + -3)?
-5
Evaluate 4 - (-2 - (8 + -19 + -2 + 1)).
-6
Calculate 9 + -8 - (-7 + -1) - -3.
12
Calculate -2 + 3 + (20 - 5 - 28 - -27).
15
What is the value of 9 - (3 + 21 + 13)?
-28
(66 - (-1 + 25)) + -28
14
What is the value of -373 - -365 - (19 + 0 + 2)?
-29
What is 8 + -3 + (-10 - 1)?
-6
Evaluate 3 + -30 - -3 - 0 - (26 + -35).
-15
What is the value of 14 - 1 - 7 - 5 - (-10 - -15)?
-4
What is the value of (-2 - 8) + (156 - 165)?
-19
What is -71 + 61 + (-10 - (-1 + -2))?
-17
What is 0 - (11 + -18 + 13 - (-1 + 8))?
1
What is (11 - 6) + (-9 - (6 + (4 - 19)))?
5
Evaluate 6 - 0 - (2 - 1) - (1472 - 1457).
-10
What is the value of 32 + 3 + -18 + -10?
7
What is 2 - 3 - -12 - ((2 - -12) + -10)?
7
What is (-5 - -44 - 20) + -24?
-5
Calculate (16 - (12 + 25)) + (-1 - -7).
-15
Calculate (4 + -1 - (9 + -4)) + (-12 - -1).
-13
Evaluate (1 - 5 - (34 - 36)) + 11.
9
3 - (2 - -1 - (-41 + 55) - -2)
12
What is 3 + (2 - 7) - -5 - (-1 - 7)?
11
Evaluate (-13 - -28) + -16 - (4 + (-2 - -2)).
-5
Calculate (-6 - 1) + (-13 - -12) - -5.
-3
What is 18 + -6 + -2 - 11?
-1
Evaluate (31 - (27 + -16 + 3)) + 6.
23
Evaluate -1 + (12 - 43) + 37.
5
Evaluate -22 + 6 + 14 + 0 + 30.
28
Calculate -13 + (-1 - 5) - -10 - 3.
-12
Evaluate (-11 - (-2 - -14)) + 14.
-9
Evaluate -9 + ((3 - -1) + (-7 - -2) - -3).
-7
What is (-10 - (2 + -7)) + -7?
-12
What is the value of 176 - 195 - (-1 + -3)?
-15
19 - (2 + -5 + 1) - (772 + -763)
12
Evaluate (-12 - -19) + -2 + -7 - 4.
-6
Evaluate 1 + (-10 - (-5 - 1) - -1).
-2
Evaluate -9 + -5 + (30 - (-9 - -5)).
20
Calculate (0 - -1 - 1) + (-74 - -67).
-7
What is the value of (-15 - -26) + 9 + -2?
18
What is 24 - (36 + -25) - 37?
-24
Evaluate -23 + (11 + -4 - 17 - -15).
-18
What is -397 + 365 - (-21 - -3)?
-14
1 + 3 + 0 + -9 + 12 + -33
-26
What is -43 - -39 - -40 - 19?
17
Calculate 8 + 2 + (6 - 19).
-3
What is (37 - 1) + -49 + (-2 - 0)?
-15
10 + -9 + 4 + 10 + -3
12
(14 - 1) + -1 - (6 - (8 - 2))
12
(-16 - 2) + (-8 - -2) + -4 + 16
-12
-8 + 7 + -3 + 7 + -4
-1
Calculate 2 - (-2 + (3 - 6) + 8 + 0).
-1
What is (-27 - (-12 - 5)) + 4 + 1 - -2?
-3
What is 5 - (5 - (-7 + (5 - -7))) - 18?
-13
What is (-88 - -84) + (21 - 1)?
16
What is -14 - (-8 + (0 - 5 - (-12 + -11)))?
-24
What is the value of -11 - (2 - (5 + 0 - 4))?
-12
Calculate 0 + 10 - (-16 + 31 + -19).
14
Calculate 4 - 51 - (31 - 57).
-21
Evaluate 2 + -10 - 0 - (-229 + 196).
25
Evaluate (-1 - -9) + (-46 - -47 - (2 - -3)).
4
(-20 - -1 - (-72 - -69)) + 25
9
Evaluate -1 - 2 - (-1 + 16 + -8 + -1).
-9
(1 - 3 - (0 + 2)) + 15 + -19
-8
(26 + 2 - 2 - 5 - 10) + 4
15
(-6 - -24) + -2 + 13 + -12
17
Calculate -8 + -13 + 15 - (4 - (-4 + -11)).
-25
Evaluate -6 + (-11 - (8 - 28)).
3
What is the value of 296 + -301 + (3 - -1)?
-1
8 + -11 + -4 + 31
24
What is -2 - (-18 - (-14 - 19 - 3))?
-20
Calculate 1 - 8 - (0 - (3 + 3)).
-1
What is 11 + -3 + (3 - 15) + 19?
15
35 - (1 + -23 + 56)
1
Evaluate (-38 - -3) + (167 - 121).
11
Evaluate 16 + -6 + -5 + 8 + -6 + -1.
6
(0 - -13) + (-81 - -75)
7
What is (-25 - -13) + 109 + -104 + (0 - 1)?
-8
3 + 10 + 3 + -6
10
7 - (-5 + 22 + -7)
-3
24 + (-47 - 13 - -21)
-15
-3 + -12 + 0 + (-6 - -13) + -1
-9
Evaluate 25 - (-9 + 40) - (-5 + 0).
-1
What is (-24 - -12 - (-8 - 0)) + 9 + 1?
6
What is the value of -4 + 5 + -3 - (-36 + 39)?
-5
What is -10 + -9 - (13 + -4 - 13)?
-15
Evaluate 9 + 0 + 2 + -8 + (8 - 1).
10
What is 6 - (4 - 10) - (-6 + 6)?
12
Evaluate 211 + -232 + (1 - -46).
26
Evaluate (-54 - -62) + -45 + (5 - (4 - 1)).
-35
What is the value of 22 + -2 - (-27 + 15 + 18)?
14
Evaluate (-5 - (3 - 5)) + (-21 - -27) + 29.
32
What is -24 - 0 - (-353 - -339)?
-10
What is 8 + 9 + (-1 - 11)?
5
What is the value of (-25 - -38) + -8 - (-2 + 2)?
5
Evaluate (-1 - -7) + 0 + -816 + 803 + 9.
2
Evaluate -19 - (-13 - -20 - 24).
-2
Evaluate -10 - -7 - -21 - 7.
11
Evaluate 4 + (-4 - -7 - 1).
6
Evaluate 5 + -8 + -4 + -6 + 1 + -3.
-15
Calculate -9 + (13 - (-21 + 30) - (2 - 11)).
4
-2 + 1 + 10 - (36 